15 and 184.
23
Calculate the highest common divisor of 364 and 308.
28
What is the highest common divisor of 96 and 152?
8
Calculate the greatest common divisor of 35 and 8505.
35
What is the highest common divisor of 45 and 891?
9
What is the highest common divisor of 136 and 488?
8
What is the greatest common divisor of 235 and 10?
5
What is the greatest common divisor of 20 and 130?
10
Calculate the greatest common divisor of 76 and 513.
19
Calculate the highest common divisor of 1599 and 13.
13
What is the greatest common factor of 68 and 102?
34
Calculate the highest common factor of 464 and 6380.
116
Calculate the greatest common divisor of 8463 and 42.
21
What is the greatest common factor of 110 and 200?
10
Calculate the greatest common factor of 73 and 1679.
73
Calculate the greatest common factor of 21 and 7203.
21
What is the highest common factor of 215 and 129?
43
What is the greatest common divisor of 2197 and 4?
1
What is the highest common factor of 176 and 1952?
16
What is the greatest common factor of 616 and 14?
14
Calculate the highest common divisor of 4756 and 492.
164
What is the highest common divisor of 2 and 4?
2
What is the greatest common factor of 5 and 295?
5
Calculate the highest common divisor of 75 and 4305.
15
What is the highest common divisor of 1944 and 2376?
216
What is the greatest common factor of 26 and 11908?
26
What is the highest common divisor of 1883 and 28?
7
What is the highest common divisor of 1 and 4?
1
Calculate the highest common factor of 5 and 9305.
5
Calculate the greatest common divisor of 76 and 12.
4
What is the greatest common divisor of 120 and 7935?
15
What is the greatest common divisor of 75 and 6?
3
Calculate the highest common divisor of 12 and 7356.
12
Calculate the greatest common factor of 870 and 60.
30
Calculate the greatest common factor of 15 and 285.
15
What is the greatest common divisor of 352 and 96?
32
Calculate the highest common divisor of 17661 and 203.
203
What is the greatest common factor of 803 and 77?
11
Calculate the highest common factor of 15 and 1815.
15
What is the highest common divisor of 1120 and 320?
160
Calculate the highest common factor of 1276 and 2088.
116
What is the highest common divisor of 676 and 208?
52
What is the greatest common factor of 365 and 219?
73
Calculate the highest common factor of 4235 and 35.
35
Calculate the highest common factor of 592 and 976.
16
Calculate the highest common divisor of 31 and 341.
31
Calculate the highest common divisor of 55 and 143.
11
Calculate the greatest common divisor of 80 and 1072.
16
Calculate the highest common divisor of 689 and 954.
53
Calculate the greatest common factor of 28 and 1162.
14
What is the greatest common factor of 210 and 63?
21
What is the highest common divisor of 3450 and 138?
138
Calculate the highest common factor of 27 and 4.
1
Calculate the greatest common divisor of 79 and 790.
79
Calculate the highest common factor of 465 and 93.
93
What is the highest common factor of 533 and 39?
13
Calculate the highest common factor of 3390 and 190.
10
What is the highest common factor of 11 and 7?
1
What is the greatest common factor of 2 and 142?
2
What is the highest common divisor of 3072 and 48?
48
Calculate the highest common divisor of 38 and 5738.
38
Calculate the greatest common factor of 180 and 960.
60
What is the highest common factor of 9 and 105?
3
What is the highest common factor of 2360 and 40?
40
Calculate the highest common divisor of 51675 and 75.
75
Calculate the highest common factor of 95 and 171.
19
What is the greatest common factor of 48 and 208?
16
What is the highest common factor of 188 and 1269?
47
Calculate the greatest common factor of 45 and 3015.
45
What is the greatest common divisor of 1802 and 318?
106
What is the highest common factor of 3243 and 141?
141
Calculate the greatest common factor of 30 and 410.
10
What is the highest common divisor of 2384 and 149?
149
What is the highest common divisor of 150 and 6810?
30
Calculate the highest common factor of 430 and 20.
10
Calculate the greatest common divisor of 7 and 18.
1
Calculate the highest common divisor of 85 and 51.
17
What is the greatest common factor of 3101 and 91?
7
Calculate the highest common factor of 8064 and 12.
12
Calculate the greatest common factor of 24 and 654.
6
What is the greatest common divisor of 697 and 41?
41
Calculate the highest common factor of 42 and 994.
14
Calculate the highest common factor of 19 and 1007.
19
Calculate the highest common factor of 768 and 348.
12
What is the highest common divisor of 111 and 296?
37
What is the highest common factor of 182 and 819?
91
Calculate the greatest common factor of 735 and 30.
15
What is the highest common divisor of 454 and 7491?
227
Calculate the greatest common divisor of 288 and 4656.
48
What is the greatest common divisor of 272 and 32?
16
What is the greatest common divisor of 4 and 7?
1
What is the highest common divisor of 234 and 416?
26
Calculate the greatest common factor of 23 and 39859.
23
What is the highest common factor of 100 and 2070?
10
What is the highest common factor of 407 and 11?
11
What is the highest common divisor of 37 and 185?
37
Calculate the greatest common factor of 1845 and 90.
45
Calculate the greatest common factor of 49 and 1519.
49
Calculate the greatest common factor of 4665 and 45.
15
What is the highest common divisor of 2061 and 9?
9
Calculate the greatest common factor of 19590 and 210.
30
What is the highest common factor of 507 and 13?
13
What is the highest common factor of 494 and 76?
38
Calculate the highest common divisor of 357 and 1377.
51
Calculate the highest common divisor of 72 and 324.
36
Calculate the greatest common divisor of 48888 and 291.
291
Calculate the greatest common factor of 2432 and 76.
76
What is the greatest common divisor of 50 and 58575?
25
Calculate the greatest common divisor of 4 and 7.
1
Calculate the highest common factor of 910 and 195.
65
Calculate the highest common divisor of 25 and 22725.
25
What is the highest common divisor of 4520 and 40?
40
What is the highest common factor of 363 and 7381?
121
What is the greatest common factor of 65 and 1885?
65
Calculate the greatest common divisor of 504 and 144.
72
Calculate the greatest common divisor of 403 and 186.
31
Calculate the greatest common factor of 104 and 21736.
104
What is the greatest common divisor of 355 and 5?
5
Calculate the greatest common factor of 18 and 9504.
18
What is the greatest common factor of 51464 and 56?
56
What is the greatest common divisor of 166 and 2?
2
What is the greatest common factor of 7680 and 30?
30
Calculate the greatest common factor of 326 and 11899.
163
What is the greatest common divisor of 7728 and 252?
84
Calculate the highest common divisor of 52 and 12363.
13
Calculate the greatest common factor of 2 and 512.
2
Calculate the highest common factor of 2352 and 21.
21
Calculate the highest common divisor of 7 and 315.
7
Calculate the greatest common divisor of 48 and 56.
8
Calculate the greatest common factor of 19 and 589.
19
Calculate the highest common divisor of 109 and 3161.
109
What is the highest common factor of 1079 and 83?
83
Calculate the highest common divisor of 42 and 189.
21
Calculate the greatest common factor of 45 and 345.
15
Calculate the highest common factor of 795 and 15.
15
Calculate the highest common factor of 17 and 8.
1
Calculate the greatest common divisor of 416 and 2.
2
Calculate the highest common factor of 1152 and 48.
48
What is the greatest common factor of 206 and 5150?
206
What is the greatest common divisor of 18281 and 101?
101
What is the highest common divisor of 44 and 88?
44
Calculate the greatest common divisor of 294 and 2212.
14
What is the highest common divisor of 36 and 808?
4
What is the highest common factor of 2100 and 40?
20
What is the greatest common factor of 30 and 195?
15
What is the highest common divisor of 77 and 1330?
7
What is the greatest common factor of 1813 and 49?
49
What is the greatest common divisor of 3675 and 539?
49
Calculate the greatest common divisor of 6 and 1266.
6
Calculate the greatest common factor of 70 and 385.
35
What is the greatest common factor of 2982 and 